z = -2*t - 6. Let w(x) = 2*x**3 - 5*x + 3*x**2 - 2*x**2 - 2 - x**3. Give w(t).
-5
Let u(o) = o**2 - 4*o - 1. Let m be (-30)/9*6/(-4). Suppose -3*v - 4*h - 12 = 0, v + h - 12 = m*h. Suppose v = -5*p + 5 + 20. Calculate u(p).
4
Let u(j) = 0 - 8 - 3 - j**2 + 9*j + 4. What is u(8)?
1
Let d(b) be the third derivative of -b**6/120 - b**5/30 - b**4/8 - 9*b**2. Determine d(-2).
6
Let r(b) = -b**3 + 3*b**2 - b. Let u = -3 - -5. Suppose h - 2*n = 11, 0*h + n - 8 = -4*h. Suppose u*a - h - 3 = 0. Determine r(a).
-3
Let d(w) = 4*w**2 - 7*w - 3. Let o(m) = -3*m**2 + 7*m + 4. Let a(q) = -4*d(q) - 5*o(q). Determine a(-6).
-2
Suppose 0 = 13*c - 8*c + 10*c. Let h(g) be the third derivative of 0 + 1/120*g**6 + 1/2*g**3 - 1/24*g**4 - g**2 + 0*g + 1/60*g**5. What is h(c)?
3
Let z(x) = -12*x - 14. Let j(o) = 14*o + 15. Let q(h) = -5*j(h) - 6*z(h). Give q(-7).
-5
Let q(a) = a**3 + 5*a**2 + 3*a - 4. Suppose v = 5*v - 24. Suppose -v = 2*j + 2. What is q(j)?
0
Let h(k) = 0*k**2 - k**3 + 5*k - 3*k - k**2 + 3. What is h(-2)?
3
Let u(t) = 0 + 3 + 2*t**2 - t - 2*t. Let h(b) = b - 1. Let x be h(3). Let f = x + 0. Determine u(f).
5
Let s(i) be the third derivative of 0 + 1/6*i**4 + 0*i - 1/60*i**5 + i**2 + i**3. Determine s(5).
1
Let p = -2 - -4. Let x(t) = 11*t + 0*t**p + 3*t - t**2 + 2 - 7*t. What is x(7)?
2
Let v be (-5)/1*4/(-10). Let j(i) = 1 + v*i + i + 4*i. Let o be 1/2 - (-9)/(-6). Determine j(o).
-6
Let k(z) = -11*z - 5*z**2 + z - z + 4*z**2. Let r be k(-11). Let c(j) be the second derivative of j**4/12 - j**3/6 - 2*j. Determine c(r).
0
Let c(o) be the second derivative of -11*o**4/12 - o**3/6 - 16*o. What is c(1)?
-12
Suppose 3*k = 6*k - 9, -4*s + 17 = 3*k. Let a(p) = 2*p - s*p - 4*p. Suppose -18 = -4*y + 5*h, -4 = -2*y + h + 2. What is a(y)?
-8
Let m(q) = q + 3. Suppose 4*b + b = -25. Calculate m(b).
-2
Suppose 0 = -2*s - 4*p, -3*p + 2 + 1 = 3*s. Let y(q) = -1 - 5*q + 2*q**s - q**2 - 6. Suppose -z - 9 = -4*v + 3*v, 0 = -v - 2*z. Determine y(v).
-1
Let y(k) be the third derivative of -k**5/30 - k**4/4 - k**3 - 9*k**2. Calculate y(-4).
-14
Suppose 7*a - 8*a = 4*u + 4, 0 = 5*u + 3*a - 2. Let h(f) = f**3 + 4*f**2 + f + 1. Determine h(u).
7
Let i(f) = -f**2 + 7*f - 4. Let o be (18/(-8))/((-6)/16). Let q be i(o). Let a(v) = -v**3 - 3*v**q + 1 + 2*v + 0*v**2 + 0*v**2. Determine a(-2).
-7
Suppose -5*x - q = -7, -2*x + 3*q = -0*q - 13. Let p(s) = 9*s - 1. Determine p(x).
17
Let s(m) = 2*m - 2. Let c(w) = 5*w - 6. Let v(d) = -4*c(d) + 11*s(d). Give v(5).
12
Let s(d) be the second derivative of -d**3/3 + 7*d**2/2 - 21*d. What is s(3)?
1
Let d be -2 + (10 - 0) + -3. Let b(v) = 3*v + 18. Let n(s) = 2*s + 9. Let a(y) = -3*b(y) + 5*n(y). Calculate a(d).
-4
Let a(n) = -6*n + 9. Let g(s) = -1. Let v(x) = a(x) + 9*g(x). Give v(1).
-6
Let g(n) be the second derivative of 1/6*n**3 + 0 + 3*n + 0*n**2 - 1/4*n**4. Give g(-1).
-4
Let c(z) be the third derivative of z**5/60 - z**4/12 - z**3/3 - 7*z**2. Determine c(3).
1
Let s be 1/(-4)*2*2. Let x(p) = 5*p**3 + 2*p**2 + 2*p - 5. Let l(u) = -4*u**3 - 2*u**2 - 2*u + 6. Let n(q) = 6*l(q) + 7*x(q). Determine n(s).
-10
Let z(l) = -18*l**3 + l**2 - 9*l - 1. Let a(x) = -37*x**3 + 2*x**2 - 20*x - 2. Let n(o) = 4*a(o) - 9*z(o). Give n(-1).
-15
Let x(i) = -11*i**3 + 3*i**2 - 8*i - 13. Let a(j) = -5*j**3 + j**2 - 4*j - 6. Let r(u) = 9*a(u) - 4*x(u). Suppose -t = 5*d + 27, -4*t + 7 = -2*d - d. Give r(t).
2
Let y(p) = -4*p + 8*p + 0*p + 3 - p**2. Suppose 10 = 3*x - h, h - 27 = -3*x - 7. Determine y(x).
-2
Let p(u) = u - 1. Let j be p(4). Let o(t) = 1 - t**2 + 4 - j - t + 4*t. Calculate o(4).
-2
Let v(h) = -2*h - 6. Suppose 2 = -3*k + 11. Suppose -k*m - 12 + 0 = 0. Calculate v(m).
2
Let t(o) = 0*o + o + o**2 + 3 + 4*o. Let m(x) = x**3 - 4*x**2 - 5*x - 5. Let b be m(5). Give t(b).
3
Let s(j) = -8*j**2 - 9*j + 0*j**3 + j**3 - 2*j**3 + 17*j**2. Let i(f) = -4*f**3 + 37*f**2 - 37*f - 1. Let b(z) = 2*i(z) - 9*s(z). What is b(6)?
4
Let n(k) = -k**3 - 4*k**2 + 3*k - 11. Let m be n(-5). Let a(d) = -5*d. Calculate a(m).
5
Let t = -1 - -4. Let p(d) = 4 + t*d + 1 - 2*d + 2*d. Calculate p(-5).
-10
Let t be (8/7)/((-6)/(-21)). Let m(g) = -2*g - 1. Calculate m(t).
-9
Let d = -11 - -7. Suppose -5*u = -5*q - 30, -2*q = -4*u + 23 - 1. Let f(x) = 2*x + 15. Let i(t) = t + 8. Let b(h) = u*i(h) - 3*f(h). Calculate b(d).
-1
Let y(q) be the first derivative of -q**2/2 - q + 1. Let k(a) = -a - 4. Let z(w) = k(w) - 3*y(w). Let v(m) = m**2 - 2*m. Let p be v(1). Calculate z(p).
-3
Let z(y) = y**2 - y. Let r be z(2). Let v(n) = -n**3 + 2*n + 1. What is v(r)?
-3
Let p(s) be the first derivative of s**3/3 - 5*s**2/2 - 9*s - 1. Let t be p(7). Let r(z) = z**3 - 6*z**2 + 7*z - 3. What is r(t)?
7
Let q(b) = 3*b**2 - b - 1. Suppose 7*d - 10 = 2*d. What is q(d)?
9
Let k(l) = -6509*l + 6514*l - 4 + l**2 + 1 + 0*l**2. Suppose 0 = -h - 2 - 4. Calculate k(h).
3
Let p be -5 + (-2 - (-6)/3). Let m(y) = 14*y**2 - 7*y - 21*y**2 - 3 - 10*y - 1. Let q(b) = -3*b**2 - 8*b - 2. Let w(o) = p*q(o) + 2*m(o). Determine w(-6).
2
Suppose -5*i + 0 = 5. Let x be 1 - ((2 - 2) + i). Let k be (x + 5/(-2))*-6. Let y(a) = a + 1. Give y(k).
4
Let q(z) = z**3 + z**2 - z - 1. Let p(j) = -3*j**3 - 9*j**2 + j + 8. Let y(n) = -p(n) - 2*q(n). Calculate y(-7).
-13
Let s(r) = 8 + 3*r**2 - 2*r**2 + 7*r - 3. Give s(-4).
-7
Let r(d) be the third derivative of d**5/30 - d**4/24 - d**3/3 - 25*d**2. Determine r(2).
4
Let r(k) = -k**3 + 6*k**2 - k - 5. Let v = -12 - -18. Give r(v).
-11
Let a(l) = -10 + 8*l + 2*l**2 - 3*l**2 + 8. Calculate a(6).
10
Suppose -3 = -2*w + 3. Let d(x) = 5*x**2 - x**3 + x + 0*x**3 + 0*x**w - 2. Let k(q) = -q**3 + 9*q**2 - 8*q + 5. Let i be k(8). Determine d(i).
3
Let x(n) = 5*n**2 + 3 + 2*n - 10*n**2 + 4*n**2. Determine x(-3).
-12
Suppose -2*j = 4 + 2. Let v(s) = s**3 + 3*s**2 - s - 3. Give v(j).
0
Let p(g) = 7*g**2 - 8*g + 6 - 4*g**2 - 2*g**2. Determine p(6).
-6
Suppose 20*u - 26*u = -42. Let a(q) be the third derivative of q**4/24 - 13*q**3/6 + q**2. Determine a(u).
-6
Let s = -4 - -2. Let l(m) be the second derivative of m**4/12 + m**3/2 - 3*m. Give l(s).
-2
Let y(g) = 2*g**2 - 4*g. Let q(r) = 4*r - 5. Let d be q(2). Determine y(d).
6
Let i(n) = -n**2 + 6*n - 3. Suppose 2*s + 4 = 4*s. Suppose s*x + 2 = 6. Suppose -3*j - 2*l + 12 = 0, -2*l = j + x*l + 6. Give i(j).
-3
Let x(v) = -v**3 + v + 1. Let j be x(-2). Let c(o) = -3*o**3 - 6*o**2 + 8*o - 1. Let w(q) = 2*q**3 + 4*q**2 - 5*q + 1. Let z(n) = j*w(n) + 5*c(n). Give z(-3).
-4
Let y(x) = 2*x - 3. Let d(c) = -5*c + 10*c + 8*c + 13 - 10 + c**2. Let m be d(-13). Give y(m).
3
Let k(h) = h**3 + 4*h**2 + 2*h - 3. Let n be k(-3). Let i(c) = c + 5. What is i(n)?
5
Let k be (-3)/6*(1 + -7). Let a(b) = 0 - b**2 + 0*b**k + 5 - 2*b**3 - 4. Calculate a(-1).
2
Let y(v) = 4*v - 10. Let q(j) = 5*j - 11. Let s(u) = -2*q(u) + 3*y(u). What is s(7)?
6
Suppose 2*x + 5*b + 0 + 1 = 0, 13 = 4*x - 5*b. Suppose c = -x*c. Suppose -2*v + 6 + 0 = c. Let w(j) = -j**2 + j + 1. Give w(v).
-5
Let x(k) be the first derivative of k**3/3 + 3*k**2 - 6*k - 57. What is x(-6)?
-6
Suppose 3 = -4*u - 5*g, u + 0*u - 2 = -4*g. Let m(p) = p**3 - p**2 - 2*p - 1. What is m(u)?
-9
Let a(v) = v**2 + 5*v - 1. Suppose -3*p - 6 = 3*c, -4*p = -8*c + 4*c - 24. What is a(c)?
-5
Let y(z) = z**2 - 3*z - 4. Let q(o) = o**3 - 10*o**2 + 8*o + 13. Let v be q(9). Give y(v).
0
Let w(p) = p**2 - 6*p + 4. Let z be ((-9)/1)/(-3) + 4. Let r(v) = -v**2 + v + 2. Let o be r(3). Let a = z + o. What is w(a)?
-5
Let l(o) = -o + 2. Suppose -4*f + 2*n + 8 = 0, 0 = -f + 2*n + 3 + 2. Determine l(f).
1
Let p(z) = 2*z - 6. Suppose 0*v = 3*v. Suppose v = 4*u + u + 10. Let m(f) = 2*f**2 + 2*f + 1. Let c be m(u). Calculate p(c).
4
Let s = -8 - -8. Let v(q) = -q - 4*q + 6*q - 1. Calculate v(s).
-1
Let k(z) = -z**3 - z**2 - 1. Let g(d) = -d**2 - 8*d - 1. Let n be g(-8). Let y(u) = -5*u**3 - u**2 - 3*u - 12. Let c(h) = n*y(h) + 6*k(h). Give c(-5).
-9
Let v(m) = -m + 1. Suppose -2*w = f - 7, 3*w - 2*w = -5*f + 8. Determine v(f).
0
Let b(l) = 7 + l + 0*l - 10. Calculate b(4).
1
Let h(t) be the first derivative of 5/2*t**2 - 1/3*t**3 + 2 + 0*t. Let a = 5 - 1. Give h(a).
4
Let k(j) = 2*j**3 + 6*j**2 + 6*j - 9. Let y(g) = 3*g**3 + 6*g**2 + 5*g - 9. Let z(p) = 4*k(p) - 3*y(p). Determine z(7).
5
Let m(c) be the second derivative of c**4/